st the prime factors of 32842955.
5, 6568591
List the prime factors of 43182.
2, 3, 2399
What are the prime factors of 235835?
5, 101, 467
List the prime factors of 3535602.
2, 3, 7, 84181
List the prime factors of 11515275.
3, 5, 61, 839
What are the prime factors of 577081?
577081
List the prime factors of 10284965.
5, 2056993
What are the prime factors of 1940405?
5, 388081
What are the prime factors of 425334?
2, 3, 7, 13, 19, 41
List the prime factors of 282303.
3, 7, 4481
What are the prime factors of 310039?
29, 10691
What are the prime factors of 19001268?
2, 3, 11, 13, 3691
What are the prime factors of 21883252?
2, 191, 28643
What are the prime factors of 18293482?
2, 367, 24923
What are the prime factors of 567285?
3, 5, 59, 641
List the prime factors of 103174.
2, 79, 653
List the prime factors of 220728.
2, 3, 17, 541
List the prime factors of 1113710.
2, 5, 13, 659
List the prime factors of 7174938.
2, 3, 79, 15137
List the prime factors of 2524971.
3, 313, 2689
What are the prime factors of 16056991?
127, 126433
List the prime factors of 201779.
23, 31, 283
What are the prime factors of 14944752?
2, 3, 67, 1549
What are the prime factors of 542254?
2, 271127
List the prime factors of 664508.
2, 13, 983
List the prime factors of 8757121.
8757121
What are the prime factors of 1461290?
2, 5, 19, 7691
List the prime factors of 80186.
2, 40093
List the prime factors of 10042655.
5, 7, 263, 1091
What are the prime factors of 244720?
2, 5, 7, 19, 23
What are the prime factors of 2290054?
2, 13, 88079
List the prime factors of 1820025.
3, 5, 8089
List the prime factors of 599649.
3, 137, 1459
What are the prime factors of 57974?
2, 7, 41, 101
What are the prime factors of 202540?
2, 5, 13, 19, 41
List the prime factors of 8374122.
2, 3, 73, 6373
List the prime factors of 100611.
3, 7, 1597
What are the prime factors of 4138398?
2, 3, 11, 6967
What are the prime factors of 760761?
3, 137, 617
List the prime factors of 864824.
2, 17, 6359
List the prime factors of 1070369.
1070369
What are the prime factors of 100752?
2, 3, 2099
List the prime factors of 28905.
3, 5, 41, 47
List the prime factors of 75231.
3, 13, 643
List the prime factors of 144123.
3, 7, 6863
What are the prime factors of 4761551?
4761551
List the prime factors of 256014.
2, 3, 11, 431
List the prime factors of 1225500.
2, 3, 5, 19, 43
What are the prime factors of 876395?
5, 13, 97, 139
List the prime factors of 48657.
3, 7, 331
What are the prime factors of 362724?
2, 3, 167, 181
List the prime factors of 7179741.
3, 463, 1723
What are the prime factors of 2625936?
2, 3, 227, 241
List the prime factors of 27552136.
2, 3444017
List the prime factors of 357711.
3, 119237
What are the prime factors of 1278558?
2, 3, 23677
What are the prime factors of 653922?
2, 3, 17, 2137
What are the prime factors of 1517495?
5, 7, 191, 227
List the prime factors of 1727995.
5, 345599
What are the prime factors of 4764939?
3, 173, 9181
What are the prime factors of 3882267?
3, 431363
List the prime factors of 2441130.
2, 3, 5, 81371
List the prime factors of 162475.
5, 67, 97
What are the prime factors of 215773?
127, 1699
What are the prime factors of 649945?
5, 43, 3023
What are the prime factors of 32596?
2, 29, 281
List the prime factors of 13381964.
2, 3345491
What are the prime factors of 114324?
2, 3, 7, 1361
List the prime factors of 523620.
2, 3, 5, 2909
What are the prime factors of 3506421?
3, 109, 10723
What are the prime factors of 30304?
2, 947
List the prime factors of 1502072.
2, 11, 13, 101
What are the prime factors of 3686160?
2, 3, 5, 15359
List the prime factors of 252898.
2, 31, 4079
What are the prime factors of 1240344?
2, 3, 7, 23, 107
What are the prime factors of 299217?
3, 17, 5867
What are the prime factors of 419704?
2, 23, 2281
List the prime factors of 130897.
13, 10069
List the prime factors of 8966938.
2, 59, 75991
What are the prime factors of 3098935?
5, 7, 37, 2393
What are the prime factors of 1300528?
2, 81283
What are the prime factors of 363645?
3, 5, 8081
What are the prime factors of 9061332?
2, 3, 7, 107873
What are the prime factors of 12400222?
2, 6200111
List the prime factors of 7629319.
2341, 3259
What are the prime factors of 2081576?
2, 7, 37171
What are the prime factors of 1397437?
1397437
List the prime factors of 16844883.
3, 11, 510451
What are the prime factors of 6286398?
2, 3, 337, 3109
What are the prime factors of 1389623?
1389623
What are the prime factors of 2520308?
2, 7, 90011
What are the prime factors of 92743?
7, 13249
List the prime factors of 605461.
31, 19531
What are the prime factors of 361281?
3, 120427
What are the prime factors of 89364?
2, 3, 11, 677
List the prime factors of 3742845.
3, 5, 47, 5309
What are the prime factors of 292868?
2, 211, 347
List the prime factors of 15590432.
2, 11, 13, 3407
List the prime factors of 933823.
11, 23, 3691
What are the prime factors of 8465209?
8465209
What are the prime factors of 228363?
3, 163, 467
What are the prime factors of 14286?
2, 3, 2381
List the prime factors of 27570670.
2, 5, 47, 58661
List the prime factors of 1396932.
2, 3, 116411
List the prime factors of 1115989.
7, 131, 1217
List the prime factors of 24759.
3, 7, 131
What are the prime factors of 9084489?
3, 19, 47, 3391
What are the prime factors of 916655?
5, 19, 9649
What are the prime factors of 256182?
2, 3, 42697
What are the prime factors of 28686574?
2, 7, 2049041
What are the prime factors of 833900?
2, 5, 31, 269
What are the prime factors of 1756745?
5, 73, 4813
List the prime factors of 1129524.
2, 3, 11, 43, 199
What are the prime factors of 1511331?
3, 503777
List the prime factors of 746618.
2, 241, 1549
What are the prime factors of 11763504?
2, 3, 151, 541
What are the prime factors of 413786?
2, 313, 661
List the prime factors of 2240767.
313, 7159
What are the prime factors of 1234016?
2, 7, 787
List the prime factors of 2963263.
661, 4483
List the prime factors of 3785607.
3, 7, 60089
List the prime factors of 223818.
2, 3, 7, 73
List the prime factors of 41305.
5, 11, 751
What are the prime factors of 12178988?
2, 1051, 2897
List the prime factors of 410976.
2, 3, 1427
List the prime factors of 9940993.
83, 119771
List the prime factors of 356899.
173, 2063
List the prime factors of 1930845.
3, 5, 7, 37, 71
What are the prime factors of 352038?
2, 3, 23, 2551
What are the prime factors of 4114914?
2, 3, 685819
What are the prime factors of 549009?
3, 61001
What are the prime factors of 6706980?
2, 3, 5, 7, 5323
What are the prime factors of 528178?
2, 7, 31, 1217
What are the prime factors of 239703?
3, 79901
What are the prime factors of 4921568?
2, 17, 83, 109
List the prime factors of 969719.
969719
What are the prime factors of 229532?
2, 57383
What are the prime factors of 162744?
2, 3, 6781
What are the prime factors of 1067521?
7, 13, 11731
What are the prime factors of 27039239?
27039239
What are the prime factors of 4045454?
2, 7, 101, 2861
What are the prime factors of 32218?
2, 89, 181
List the prime factors of 7220855.
5, 19, 29, 2621
What are the prime factors of 1391354?
2, 695677
What are the prime factors of 1233574?
2, 616787
List the prime factors of 323709.
3, 107903
What are the prime factors of 1086660?
2, 3, 5, 6037
List the prime factors of 26216.
2, 29, 113
What are the prime factors of 1477415?
5, 193, 1531
What are the prime factors of 6603282?
2, 3, 7, 647
List the prime factors of 5488912.
2, 11, 13, 2399
What are the prime factors of 32614710?
2, 3, 5, 47, 23131
What are the prime factors of 30674274?
2, 3, 5112379
What are the prime factors of 44480?
2, 5, 139
What are the prime factors of 747795?
3, 5, 49853
List the prime factors of 17918614.
2, 7, 67, 2729
What are the prime factors of 1140375?
3, 5, 3041
What are the prime factors of 453312?
2, 3, 787
List the prime factors of 279274.
2, 47, 2971
What are the prime factors of 445914?
2, 3, 7, 3539
List the prime factors of 1557069.
3, 19, 59, 463
What are the prime factors of 251354?
2, 109, 1153
List the prime factors of 6410784.
2, 3, 43, 1553
What are the prime factors of 281453?
83, 3391
What are the prime factors of 240904?
2, 30113
What are the prime factors of 61934?
2, 173, 179
List t